3*a - 3. Determine c(3).
3
Let m(j) = j - 7. Let t be m(10). Let p = 4 - t. Let v(s) = 5*s**3 + s**2 + s - 1. Determine v(p).
6
Let m(r) = -r**3 - 5*r**2 - r. Suppose -25 - 5 = 6*c. What is m(c)?
5
Let s(b) be the first derivative of b**3/3 + 4*b**2 + 7*b - 1. Let q = 120 + -126. What is s(q)?
-5
Let i = 64 + -62. Let k(y) be the second derivative of 0 + 2*y**i + 2/3*y**3 - 3*y + 1/12*y**4. Give k(-3).
1
Let w be 50*(-3)/(-6) - 1. Let u be 2/6 + w/9. Let l(t) = 4*t**2 + 1. Let q(k) = 5*k**2 + k. Let y(i) = u*l(i) - 2*q(i). Determine y(2).
7
Let w(h) = -h**2 + 2*h - 2. Let p be w(3). Suppose 0 = 6*s - 2*s - 8. Let q(u) = 3*u**2 - 1 - u**3 + 4*u - 5*u**2 - 3*u**s - 3*u. Determine q(p).
-6
Let h(a) = a**3 + 4*a**2 + 4*a. Let p(t) = t**3 + 4*t**2 - 2*t + 12. Let z be p(-5). Determine h(z).
-3
Let u(t) = 11 - 3*t + 11*t - 6*t - 8. Give u(-7).
-11
Let m(r) = -r - 5. Let s be m(-11). Let u = -2 + s. Suppose 2*o - u*o + 10 = 0. Let f(l) = 2*l - 7. What is f(o)?
3
Suppose 8 = -5*t + t. Let k(p) = -p**2 - p + 1. Let b be k(t). Let o(m) = -2*m**2 + 0*m**2 - m - 7*m**3 + 0*m. Give o(b).
6
Let q = 3 - 0. Let i(v) = v**2 - 3*v + 2. Let f be i(q). Let o(u) = -u**f + 4*u**2 - 2*u**2 + 6 - 4*u. Determine o(4).
6
Suppose -2*u = -4 - 4. Suppose 0 = 4*i - u*o, 0*o + o = 4*i - 6. Let f(j) = 2*j**2 - j. What is f(i)?
6
Let j(y) = -y + y - y + 2*y + 7. Calculate j(0).
7
Suppose 7*p = 6*p - 6. Let t(q) = -q**3 - 5*q**2 + 7*q + 1. What is t(p)?
-5
Let h(l) = -l + 4. Let p = 100 + -96. What is h(p)?
0
Let u(r) = -r + 1. Let k(o) be the second derivative of -o**5/20 + o**4/3 - 5*o**3/6 + o**2 - o. Let b be k(3). Determine u(b).
5
Suppose 3*z + 3 = 0, 8*o - 4*z = 10*o - 8. Let i(w) = 4*w - 1. What is i(o)?
23
Let t = 5 + 0. Suppose -t*n = -5*s, -2*n = s + s. Let c(o) = -4*o**2 + 9 + 5*o**2 + 1 - 2. Give c(n).
8
Let f(a) = a**2 + 1. Let o(m) be the first derivative of -m**2 - 2. Let j(b) = -3*b. Let y(x) = -3*j(x) + 4*o(x). Let p be y(-2). What is f(p)?
5
Let v(y) = y**2 + 3*y - 7. Let n(r) be the second derivative of r**3/6 - 2*r. Let l be n(-5). What is v(l)?
3
Let v(y) be the third derivative of -y**5/60 + 7*y**4/24 - 2*y**3/3 - 22*y**2. Calculate v(6).
2
Let c(p) = -p**2 - 5*p - 1. Let l be c(-4). Let r(m) be the first derivative of -m**2 - 2*m - 5. What is r(l)?
-8
Let u(r) = 17*r + 11. Let y(w) = -5*w + 5. Let h be y(4). Let i = -7 - h. Let p(t) = 6*t + 4. Let a(n) = i*p(n) - 3*u(n). Give a(-1).
2
Let g(k) = -2*k + 2. Let d(v) = -v**2 - 14*v + 75. Let f be d(-18). Give g(f).
-4
Let b(r) = r. Let d(g) = 7*g + 1. Let s(k) = -6*b(k) + d(k). Calculate s(6).
7
Let o be 12/(-9)*(-9)/(-2). Let w(f) = 2*f + 5. Let k(g) = 3*g + 9. Let q(b) = o*k(b) + 10*w(b). What is q(5)?
6
Let o(h) = -h**3 - 4 - 4*h + h + h + 4*h**2 - 7*h**2. Give o(-3).
2
Suppose 0 = -2*i + 4 - 20. Let w(q) = -q - 1. Let y be w(i). Let g(c) = -1 - 2*c**2 + y*c**3 + 0 + 4*c**2. What is g(-1)?
-6
Suppose -2*o + 1 - 1 = 0. Let d(m) = m**2 + 5*m - 13. Let v = 11 - 6. Let q(f) = -f**2 - 4*f + 12. Let n(u) = v*d(u) + 6*q(u). Give n(o).
7
Let m(t) = 17*t + 2 - 2 - 16*t. Give m(-1).
-1
Let h(g) = 3*g**2 + 23*g - 12. Let c be h(-8). Let z(p) = -p**3 - 3*p**2 + 4*p - 2. Calculate z(c).
-2
Let w(o) = 2*o - 3. Suppose -2*x = -12 + 2. Determine w(x).
7
Let w(a) be the first derivative of -a**4/4 + 4*a**3/3 - 2*a**2 + 4*a + 10. What is w(3)?
1
Let b(y) = y**2 - y + 2. Let g be (-1)/(-4) + (-28)/(-16). Determine b(g).
4
Let j(s) = 17*s - 2. Let t(y) = 16*y - 2. Let g(c) = -3*j(c) + 4*t(c). Calculate g(2).
24
Let c be (-4)/(-10) + (-54)/135. Let f(o) = -o**2 - o + 18. Calculate f(c).
18
Let z(o) = 2*o + 3. Let b be -2*(0/(-4) + 3). What is z(b)?
-9
Suppose 0 = -6*p - 15 + 3. Let i(w) = w**3 + 3*w**2 - 2. What is i(p)?
2
Let i(z) = -z**2 - 4*z - 1. Let u = -9 + 11. Let t(x) = -6*x + u + 5 + x + 3*x. Let c be t(5). Give i(c).
2
Let c(i) be the second derivative of -i**5/5 - i**4/3 - i**3 + 3*i**2/2 + 6*i. Let w(m) = 9*m**3 + 7*m**2 + 12*m - 6. Let v(n) = 7*c(n) + 3*w(n). Give v(-6).
3
Let h(n) = -n**3 - 6*n**2 - 2*n + 4. Let g = -15 - -10. Calculate h(g).
-11
Let r(i) = -1 - 2*i - 1 - 8. Let n be r(-7). Let g(q) = 2 + 3 - q + 0*q. Calculate g(n).
1
Let r(u) = -5*u + 1. Let k be 12/(-4) + 5 - 7. Let p = -6 - k. Determine r(p).
6
Let q(m) = m**3 - m**2 - 2*m - 1. Let f = 19 - 17. Determine q(f).
-1
Let b(c) be the second derivative of -c**4/12 + 2*c**3/3 - c**2/2 - c. Let r(k) be the first derivative of b(k). Give r(3).
-2
Let v(b) = 2*b**2 + 4*b + 13. Let q(n) = 4*n**2 + 7*n + 24. Let c(f) = 6*q(f) - 11*v(f). Give c(2).
5
Let a(p) = -p**2 + 2*p**2 - 4 - 4*p + 3*p**2 - 3*p**2. Give a(6).
8
Let l(h) = -h**3 + 4*h**2 + 4*h - 5. Let g be l(4). Let a = -7 + g. Suppose f + 1 = -6*r + 2*r, -2*f = a*r + 2. Let z(o) = -o**3 + o**2 + o. What is z(r)?
0
Suppose 0 = -10*q + 5*q - 10. Let k(z) = 3*z. What is k(q)?
-6
Let d(u) = u - 2. Let x(m) = 4*m - 11. Let v(c) = -6*d(c) + x(c). Let r = 3 + 2. Give v(r).
-9
Suppose 3*k = -c + 2*c + 13, -10 = -2*k + c. Let g(i) be the second derivative of i**3/6 + i**2/2 - i. Give g(k).
4
Let w(d) = 9*d - 1. Suppose -8 = -3*h - u, 6 = h - 5*u - 18. Suppose y - 7 = -h*v, 5*y + v + 0*v = -3. Determine w(y).
-10
Let b be 7/(-21) - (-170)/6. Suppose 2*c + 0 = -2*g + 4, g = 5*c - b. Let a(l) = -l**2 + 6*l - 2. Determine a(c).
3
Suppose -2*s + 45 = 3*s. Let u = s + -11. Let v(n) = n**3 + n**2 - n - 2. Determine v(u).
-4
Let g(o) = -2*o**3 + 4*o**2 + 6 - 8*o**3 + 10*o**3 + o**3 - 4*o. Suppose -6*i = -i + 5. Let f be 1 - (1 - i) - 4. Give g(f).
1
Let s(n) be the first derivative of 3*n**2/2 + n - 6. Suppose -2 - 2 = -v. Suppose m - 5 = v*o, 5 - 1 = 4*o - 4*m. Calculate s(o).
-5
Let v(z) = -z - 12. Let r(l) = -2*l**2 - 5*l - 11. Let p be r(-2). Calculate v(p).
-3
Let u(o) = -7*o + 6*o**3 - o**2 + 7*o + 2*o**2. Determine u(-1).
-5
Suppose -p = -s + 3, -7 = -4*s + 3*p + 1. Let u(g) = 2*g**2 - g. Let f(z) = 3*z**2 - 2*z. Let y(c) = 3*f(c) - 5*u(c). Calculate y(s).
0
Suppose 4*f + 16 = -0*f. Let q(j) = -j**2 - 3*j - 3. What is q(f)?
-7
Let t = 18 + -21. Let o(i) = 3*i + 3. What is o(t)?
-6
Let j(o) be the second derivative of -o**5/20 + o**4/4 - 2*o**2 + 2*o. Let g be 4/12*(10 - 1). What is j(g)?
-4
Let n(i) = 2*i - 30. Let v be n(15). Let m(o) = o - 10. Give m(v).
-10
Let l be (-4 - 0)/(-2) + 1. Let s(x) = -7*x**2 + 4. Let g(u) = 3*u**2 - 2. Let c(w) = 9*g(w) + 4*s(w). Determine c(l).
-11
Suppose -3*y - 45 = -42. Let h(t) = -5*t - 2*t - 3*t. Give h(y).
10
Let k(c) = 10*c - 19. Let g(w) = 3*w - 6. Let x(u) = 7*g(u) - 2*k(u). Determine x(-4).
-8
Let x(v) = -2*v**2 - 2*v + 2. Let d be (0 + -1)*10/(-5). Determine x(d).
-10
Let s(b) = -b**3 - 11*b**2 - 11*b - 6. Let r be s(-10). Suppose 4*c = 3*c + 5. Let g(j) = -c + 4*j**2 - j**3 + 0 + 0. Give g(r).
-5
Let z(j) be the first derivative of 2 - j**2 + 0*j - 1/3*j**3. Determine z(-4).
-8
Suppose -28 + 2 = -13*o. Let v(y) = 0*y**2 + 2*y**2 - 4*y**2 + 2*y**3. Give v(o).
8
Let j = 3 + -5. Let q(a) = 3*a**2 - a + 3. Suppose r - 10 = -4*r - n, 3*n = 5*r - 30. Let k(s) = -6*s**2 + s - 5. Let p(f) = r*k(f) + 5*q(f). Calculate p(j).
-8
Let d(b) be the third derivative of b**6/120 + b**5/60 - b**4/6 + b**3/6 - 9*b**2. Let s be ((-2)/4)/((-2)/(-12)). What is d(s)?
-5
Let b(l) = -l**2 - 7*l - 6. Let q be 293/2 - 2/(-4). Let j = q - 103. Let n be 4/10 + j/(-10). Determine b(n).
6
Let w(l) = -7*l**2 + 6*l + 5. Let u(q) = -8*q**2 + 7*q + 6. Let x(a) = -6*u(a) + 7*w(a). Let j(b) = 1. Let r(h) = -2*j(h) - x(h). Give r(-3).
8
Suppose 24 = -3*n + 3*v, -5*n = v + 3*v - 5. Let z(q) = q**3 - 2 - 3*q + 2*q**2 + 0*q**3 + 4. What is z(n)?
2
Let a = 7 - 11. Let d(y) = y**2 + 4*y - 3. Calculate d(a).
-3
Let f(h) = -h**2 + 3*h - 2. Suppose -i = 3*l - 2 - 11, 0 = 2*l - 10. Let o = 4 + i. What is f(o)?
0
Let z(j) = -j**2 + 13*j - 9. Let o be z(12). Let h(n) = -3*n**2 + n**2 + 3*n + n**2 + 2. Determine h(o).
2
Let l(r) = -r**2 - 5*r + 7. Let s(q) be the second derivative of -q**3/6 - q**2/2 - q. Let u be s(4). What is l(u)?
7
Let y(n) = -n + 1. Let r be y(0). Suppose 9 = -4*j + r. Let b be j + (-6)/(-2) + 1. Let g(o) = -3*o**2 + 3*o - 2. Determine g(b).
-8
Let d = -1 - -5. Suppose -2*f = -5*x - 7, 3*x = -4*f + 1 - 0. Let h(w) = -f + 0 + w + 4*w**2 - w**3 + 0. Calculate h(d).
3
Let i(o) be the th